What is (-17 - 0) + (-2301 - -2294)?
-24
What is -26 - (-2 + -6 - (12 - (8 - -9)))?
-23
53 - ((7 - -29) + -7)
24
Evaluate (0 - -17) + -14 - (0 - -11).
-8
Calculate -11 - -27 - ((-12 - 15) + 22).
21
Evaluate -1 + (-10 - -9 - (7 + 1)).
-10
Calculate -7 + (11 - -3) + -2 + -6.
-1
What is the value of (-4 - -2 - (16 - -5 - 15)) + -8?
-16
(2 - -12) + -516 + 502
0
Evaluate -9 - ((23 - 10) + (-14 - -4)).
-12
What is the value of 2 + -5 - -3 - (21 + -13) - 4?
-12
What is the value of -11 - (-3 + -28 + (2 - 12))?
30
-30 + (-6 + -6 - -15) + (-2 - -5)
-24
What is the value of -72 + 83 + (-11 - 2)?
-2
(179 + -166 - (0 - -13)) + 13
13
Calculate (-11 + 2 - (1 + -7)) + 3.
0
What is 1 + -1 + (-159 - -175) - 2?
14
What is (1 - -1 - -7 - 9) + -7?
-7
What is the value of -30 + (2 - -3 - -3)?
-22
What is 17 - (-14 - -12 - (-1 - 7) - 1)?
12
What is -2 - (-2 + -5 - -1 - -3)?
1
1 + 0 - (33 - (40 - 24))
-16
What is the value of 10 + 2 - 0 - 1 - (245 - 243)?
9
-19 + 40 + -55 - -58
24
What is the value of -8 + (10 - ((7 - 16) + 9))?
2
Evaluate 14 + -4 + (-6 - -7 - -9).
20
What is the value of -22 + 65 + -23 + -53?
-33
What is the value of 7 + -4 + 3 - (-13 + 20 - -12)?
-13
12 - 1 - (-17 - -35 - 7)
0
Calculate (1 - 3 - (9 - 18)) + -1 + 4.
10
What is 1 - (4 + 1 + 8)?
-12
Calculate -3 + (40 - (1 + 1 + 27 + -19)).
27
96 + -83 - (-2 + -2)
17
Calculate 12 + -45 + 19 + 3 + -3 + 6.
-8
Evaluate 6 - (26 - (19 + (-8 - 2))).
-11
What is the value of 8 - (6 + -19 + 23)?
-2
Calculate 0 + -15 - (-17 + (10 - 4)).
-4
0 - (0 - -1) - (-18 + 24 + -19)
12
Evaluate -26 - (-11 + 5) - -56.
36
What is -2 + (-5 - -12) + 10?
15
What is the value of -3 + (-6 + 0 - (-26 - -9)) + -5?
3
Calculate 2 - 15 - (-10 - (-9 - -4)).
-8
What is -5 + 23 - 13 - (-1 - 2)?
8
Evaluate (16 + -5 - (7 + (2 - 5))) + -4.
3
What is the value of -2 - 2 - (-15 + 20) - -5?
-4
33 + -28 + (1 - -2) + (2 - 25)
-15
What is the value of (1 - 7) + -334 + 353?
13
What is -8 - (9 - (-11 + (42 - 2)))?
12
Evaluate -9 + (18 - 7) - (1 - -13).
-12
Calculate 7 + -18 - (5 + -40 - -1).
23
Evaluate 0 - (10 - 16 - -4 - 24).
26
Evaluate 26 - (15 + (38 - 36)).
9
Evaluate 15 - (6 - -1 - (-121 - -128)).
15
Calculate (-6 - -2) + -16 + 13.
-7
What is the value of 12 - (-1 + 7 + -9 - (2 - -6))?
23
Calculate (-4 + (2 - -2) - -9) + (45 - 42).
12
What is -105 - (-103 + -12) - (37 - (2 + -1))?
-26
What is the value of 15 + (-13 - (6 - 2))?
-2
What is the value of (-30 - (28 + -74)) + -20 + 4?
0
What is the value of -4 + 4 + 0 + (0 - (4 + -9))?
5
Evaluate -2 + (-9 - -5) + -7.
-13
What is the value of (17 + -30 - 13) + 19?
-7
Evaluate 2 + (-21 - -61 - 56).
-14
Evaluate 2 + (2 - (-3 - 0)) - (62 + -58).
3
Evaluate (-10 - -1) + -4 + (-4 - -19).
2
Calculate 2 - (-16 - (-9 + 1 + 3)).
13
Evaluate (-69 + 80 - (22 + 0)) + 16.
5
Evaluate (4 - 14) + (0 + -10 - 4) + 8.
-16
Calculate 0 - -2 - (-9 - (-36 - (4 + -7))).
-22
What is 17 - -24 - (2 + 31)?
8
What is 12 + 29 + -30 + 0 + 0?
11
What is (-2 - -7) + -4 + -1 + (-7 - 3)?
-10
17 - ((-9 - -8) + 8)
10
Calculate -1 + 0 + (8 - -1) - (-1 + 2).
7
Calculate (-7 - 1) + (-8 - -11) - 2.
-7
Evaluate 0 - 5 - (-1056 + 1078).
-27
What is the value of (-13 + 27 - -18) + -27?
5
Evaluate 14 - (44 - (32 - 25)).
-23
Evaluate 12 + (-14 - -1) + 8.
7
Evaluate 4 + 2 - -7 - 21.
-8
Calculate -7 - (-15 + 8 - -14) - -11.
-3
(4 - (12 - 6)) + 7
5
What is the value of (2313 - 2297) + (-2 + 10 - -1)?
25
What is the value of 0 + (130 - 132) + -1 + -12?
-15
(-7 - -28) + -15 + -2 + 8
12
1 + -1 + -8 + 678 + -653
17
(-83 - -18) + 16 + 31
-18
Calculate 14 + -14 + 9 + (-3 - 36).
-30
What is -1 - -14 - (7 - -12)?
-6
Calculate 1 + -7 - (0 + -3) - (5 - 5).
-3
Evaluate (-3 - -1) + (11 - (7 - (2 - 2))).
2
Calculate 9 - (11 + -2 + -5 + 0 + -12).
17
Calculate 6 + 4 - (96 + -74).
-12
What is 30 + -29 + (4 - -25)?
30
Calculate -1 + (-1 - -8) + (-19 - (-34 + 11)).
10
Calculate 4 - (0 + 2) - ((3 - -18) + -4).
-15
What is -5 + -1 + 1 + -14 + -10 + 21?
-8
What is (0 - -17) + -121 + 129 + 9 + 0?
34
-614 - -590 - (-8 + -1)
-15
What is the value of -25 + (-12 - -29) + 16?
8
What is 7 + 0 - (41 + 49 + -75)?
-8
Evaluate (34 - (12 + -2)) + (3 + -5 - 6).
16
Evaluate (12 + (-4 - 6) - -10) + -6.
6
-1 - -1 - (3 - (-1 + 4 + 5))
5
What is the value of -19 + (-5 - -42) + 2?
20
(-10 - -1) + (-41 - (35 - 81))
-4
What is -19 + -8 + -3 + 2 + 14?
-14
Calculate 10 + 3 + 1 + -20 + (-2 - -12).
4
Calculate (59 - 60) + (3 - (-2 - -5)).
-1
What is the value of (-36 - -19 - -21) + (0 - -2)?
6
-1 - (1 - -3) - (19 - 15)
-9
-26 + -5 + 8 - (12 - 22)
-13
What is 878 - 886 - (-6 - 1)?
-1
Calculate (1 - 1) + -6 + 3 + -15 + 4.
-14
19 + -31 + -17 + 13
-16
-6 + 9 + (-9 - -4) - 0 - 1
-3
1 - 10 - (-1587 + 1572)
6
What is (-2 - 1) + (17 - -1 - (42 - 23))?
-4
What is the value of 15 + 0 + 1 - (36 - (18 - -16))?
14
What is the value of -10 - (10 - 0 - 7)?
-13
What is the value of 9 + -30 + (1 - -15)?
-5
Calculate 68 - 59 - (-4 - -1).
12
-29 - (30 - 23 - 22)
-14
Calculate -7 - (2 - (14 + 2)).
7
What is the value of -8 + 1 - (7 - 7)?
-7
Calculate (-7 - -12) + (61 - 50) + (0 - 2).
14
What is (2 - 1) + (-12 - (-10 - -9) - -2)?
-8
7 - ((-7 - 0) + (75 - 52))
-9
Calculate 5 - ((-2 - -13) + 8 + -9 + -3).
-2
(-14 - -1) + (17 + 37 - 56)
-15
Evaluate (19 - 3 - (73 + -70)) + (10 - 1).
22
-2 + 6 - (87 + -73)
-10
Calculate -3 - (-7 + 13 + -5).
-4
(8 - (1 + 1)) + (2 - 2 - 0)
6
-69 - -79 - (0 + 36 - (11 - 9))
-24
(11 - 3) + 2 - -9 - (14 - 5)
10
(-4 - -1) + (-14 - 2 - -9) + 1
-9
Calculate 55 - -4 - (-17 - -37).
39
Evaluate -27 + 2 + (6 + (2 - 5) - -2).
-20
Calculate -23 + 6 - -13 - -14.
10
Calculate 42 - (17 + 21 - 13).
17
-31 + 34 + -35 + 25
-7
What is (3 - ((-9 - -8) + 5)) + -4?
-5
Evaluate -12 - -16 - -2 - 27 - -4.
-17
(14 - 36) + 1 + (0 - 11)
-32
What is 6 + -1 - (21 + -11 - 34)?
29
Evaluate -12 + (11 - -7) + (3 - 5 - 3).
1
Calculate -103 - -106 - (-20 + 1 + 0).
22
Evaluate -17 + -2 + 9 - -12.
2
Evaluate -2 + -8 + 8 + 2 + 9.
9
Evaluate -13 + -1 + 50 + (-56 - -41).
21
What is the value of -9 - (-5 - (-8 + 9)) - -8?
5
Calculate -5 + 3 + -11 - (-12 - -8).
-9
Evaluate 13 + -7 + (6 + -5 - -3).
10
What is the value of -19 - (-4 + -8 + 2 + 0)?
-9
What is the value of (31 - 19 - 22) + (3 - 0)?
-7
Evaluate 9 + -31 + -7 - (-2 + -4 + -2).
-21
-59 + 93 + 1 + 1 + -18
18
What is 29 + -47 + 29 - -14?
25
22 + 4 + (-30 - -42) + -4 + 3
37
Calculate 3 + 8 + -21 + 13.
3
What is the value of (-59 - -22 - -44) + 1 + -8?
0
Calculate -36 + 49 - (-2 + -12).
27
Evaluate -18 + (10 - (-38 + 24)).
6
Evaluate 23 - (8 + (9 - 0)).
6
What is the value of 2 + -8 + -15 + (24 - (-2 - -6))?
-1
Evaluate 2 - ((-7 - -5) + -4) - (-6 + 14).
0
Evaluate (5 + -3 - -4) + 24 + -19.
11
What is the value of 8 + (42 - 70) - (0 + -11)?
-9
Evaluate ((-15 - -8) + 3 - -13) + 2.
11
Calculate 1 + (3 - (3 + -8 + 13)).
-4
What is (-32 - (0 + 0)) + (139 - 134)?
-27
What is the value of 13 + -25 + 19 + -20?
-13
What is -1 + -5 - (-3 + (22 - 23))?
-2
What is (9 - 0) + 10 - 20?
-1
Calculate -206 - -194 - (0 - 9).
-3
What is the value of 3 + (-4 - -12) + -3 + 4 + -2?
10
Calculate 4 - (9 + (-1 - 9)) - 3.
2
What is -2 - (-2 + 3) - (-76 - -81) - 3?
-11
Calculate 2 + -31 + 1 + -14 + 32.
-10
Calculate -8 - (-50 - -60 - (11 - -1)).
-6
Calculate -2 + 0 - 0 - (-123 + 117).
4
What is -22 + (-2 - 0 - -6)?
-18
Calculate (-1 - 2) + 5 + (6 - (-8 - -10)).
6
What is the value of -5 - (4 - (26 + -8))?
9
Evaluate -2 + 3 + -47 + 40.
-6
What is -3 + (0 + 5 + (-5 - 1) - 3)?
-7
(3 + -4 - 3) + 24
20
Calculate 2 + -1 + (12 - (-37 + 33 + -7)).
24
Calculate 4 + 4 + (-24 - -20) - (-1 + -11).
16
What is (2 + (-2 - 7) - -10) + -1?
2
5 + -14 + 10 + 33 + (11 - 14)
31
What is the value of -11 - (14 + -1 + -9 - -3)?
-18
Calculate 11 + (17 - 1 - 36).
-9
35 - 15 - -5 - 9
16
What is -7 + -25 - -13 - -14?
-5
What is (-2 - -10) + -15 + (16 - 8)?
1
Evaluate -12 + -5 - -12 - -21.
16
What is 8 - (-9 + 14 - -17)?
-14
What is -23 + 6 + (-11 - -21)?
-7
Calculate 12 + (-12 - -1 - -3 - (-16 - 1)).
21
What is the value of -2 + 24 - (-7 + -32 + 45)?
16
Calculate 10 + -11 + -39 - -36.
-4
What is the value of 4 + (6 - (-20 - -27))?
3
What is the value of 1 + -11 - (-14 - -20) - -44?
28
Evaluate 10 + (-28 + 1 + (-23 - -18) - -4).
-18
Evaluate 3 + (10 - (-12 + 3 - -19)).
3
What is 292 + -287 - (-4 + 1)?
8
(-3 - (2 - 4)) + (